ors of 916?
2, 229
List the prime factors of 31662.
2, 3, 1759
List the prime factors of 79.
79
What are the prime factors of 330?
2, 3, 5, 11
What are the prime factors of 8170?
2, 5, 19, 43
List the prime factors of 22013.
22013
List the prime factors of 925.
5, 37
List the prime factors of 2992.
2, 11, 17
List the prime factors of 4813.
4813
List the prime factors of 28192.
2, 881
List the prime factors of 35770.
2, 5, 7, 73
What are the prime factors of 15990?
2, 3, 5, 13, 41
List the prime factors of 270.
2, 3, 5
What are the prime factors of 2908?
2, 727
What are the prime factors of 315?
3, 5, 7
List the prime factors of 45383.
13, 3491
List the prime factors of 43092.
2, 3, 7, 19
What are the prime factors of 3118?
2, 1559
What are the prime factors of 523?
523
List the prime factors of 140014.
2, 7, 73, 137
List the prime factors of 854.
2, 7, 61
List the prime factors of 18276.
2, 3, 1523
List the prime factors of 6878.
2, 19, 181
What are the prime factors of 11143?
11, 1013
What are the prime factors of 54407?
41, 1327
What are the prime factors of 54990?
2, 3, 5, 13, 47
What are the prime factors of 33?
3, 11
List the prime factors of 11764.
2, 17, 173
List the prime factors of 9831.
3, 29, 113
List the prime factors of 56571.
3, 109, 173
List the prime factors of 57780.
2, 3, 5, 107
List the prime factors of 2062.
2, 1031
What are the prime factors of 47601?
3, 41, 43
What are the prime factors of 1433?
1433
List the prime factors of 32268.
2, 3, 2689
What are the prime factors of 6574?
2, 19, 173
What are the prime factors of 6284?
2, 1571
What are the prime factors of 11099?
11, 1009
What are the prime factors of 10497?
3, 3499
List the prime factors of 272.
2, 17
List the prime factors of 4614.
2, 3, 769
What are the prime factors of 85989?
3, 28663
What are the prime factors of 960?
2, 3, 5
List the prime factors of 49505.
5, 9901
List the prime factors of 8869.
7, 181
List the prime factors of 1239.
3, 7, 59
What are the prime factors of 13822?
2, 6911
List the prime factors of 6307.
7, 17, 53
List the prime factors of 7534.
2, 3767
What are the prime factors of 1339?
13, 103
List the prime factors of 75135.
3, 5, 5009
What are the prime factors of 146518?
2, 73259
List the prime factors of 7609.
7, 1087
List the prime factors of 788.
2, 197
What are the prime factors of 62121?
3, 20707
What are the prime factors of 113556?
2, 3, 9463
What are the prime factors of 4900?
2, 5, 7
List the prime factors of 148751.
19, 7829
List the prime factors of 5532.
2, 3, 461
List the prime factors of 225.
3, 5
What are the prime factors of 313?
313
What are the prime factors of 19731?
3, 6577
What are the prime factors of 80171?
7, 13, 881
What are the prime factors of 11563?
31, 373
List the prime factors of 91.
7, 13
What are the prime factors of 73633?
7, 67, 157
List the prime factors of 64636.
2, 11, 13, 113
What are the prime factors of 1909?
23, 83
List the prime factors of 52486.
2, 7, 23, 163
What are the prime factors of 1289?
1289
List the prime factors of 2193.
3, 17, 43
What are the prime factors of 29042?
2, 13, 1117
What are the prime factors of 43078?
2, 7, 17, 181
List the prime factors of 3204.
2, 3, 89
What are the prime factors of 363?
3, 11
List the prime factors of 1333.
31, 43
List the prime factors of 25.
5
What are the prime factors of 26398?
2, 67, 197
What are the prime factors of 2023?
7, 17
List the prime factors of 24965.
5, 4993
What are the prime factors of 8785?
5, 7, 251
List the prime factors of 33987.
3, 11329
List the prime factors of 833.
7, 17
What are the prime factors of 8401?
31, 271
What are the prime factors of 30626?
2, 15313
List the prime factors of 884.
2, 13, 17
List the prime factors of 53586.
2, 3, 13, 229
List the prime factors of 44313.
3, 14771
What are the prime factors of 2403?
3, 89
What are the prime factors of 790?
2, 5, 79
What are the prime factors of 9140?
2, 5, 457
List the prime factors of 71741.
71741
What are the prime factors of 11005?
5, 31, 71
What are the prime factors of 48473?
48473
What are the prime factors of 897?
3, 13, 23
What are the prime factors of 136485?
3, 5, 337
What are the prime factors of 30428?
2, 7607
List the prime factors of 16942.
2, 43, 197
What are the prime factors of 496?
2, 31
What are the prime factors of 8760?
2, 3, 5, 73
List the prime factors of 21342.
2, 3, 3557
List the prime factors of 84504.
2, 3, 7, 503
List the prime factors of 2647.
2647
List the prime factors of 7084.
2, 7, 11, 23
What are the prime factors of 624?
2, 3, 13
What are the prime factors of 12070?
2, 5, 17, 71
What are the prime factors of 36?
2, 3
List the prime factors of 1494.
2, 3, 83
What are the prime factors of 1201?
1201
List the prime factors of 1492.
2, 373
What are the prime factors of 1614?
2, 3, 269
List the prime factors of 2339.
2339
What are the prime factors of 2871?
3, 11, 29
List the prime factors of 9110.
2, 5, 911
List the prime factors of 3227.
7, 461
List the prime factors of 1246.
2, 7, 89
List the prime factors of 8012.
2, 2003
What are the prime factors of 18882?
2, 3, 1049
List the prime factors of 7454.
2, 3727
List the prime factors of 6654.
2, 3, 1109
What are the prime factors of 1888?
2, 59
What are the prime factors of 4464?
2, 3, 31
What are the prime factors of 87252?
2, 3, 11, 661
List the prime factors of 45978.
2, 3, 79, 97
List the prime factors of 59990.
2, 5, 7, 857
List the prime factors of 20698.
2, 79, 131
What are the prime factors of 10191?
3, 43, 79
List the prime factors of 4420.
2, 5, 13, 17
List the prime factors of 13359.
3, 61, 73
What are the prime factors of 7728?
2, 3, 7, 23
List the prime factors of 41948.
2, 10487
What are the prime factors of 241?
241
List the prime factors of 2214.
2, 3, 41
List the prime factors of 9014.
2, 4507
List the prime factors of 513.
3, 19
List the prime factors of 64399.
64399
What are the prime factors of 20687?
137, 151
List the prime factors of 5758.
2, 2879
List the prime factors of 8406.
2, 3, 467
What are the prime factors of 23984?
2, 1499
List the prime factors of 48433.
7, 11, 17, 37
List the prime factors of 165866.
2, 239, 347
List the prime factors of 115824.
2, 3, 19, 127
List the prime factors of 27833.
13, 2141
List the prime factors of 30134.
2, 13, 19, 61
List the prime factors of 19406.
2, 31, 313
What are the prime factors of 1460?
2, 5, 73
List the prime factors of 4228.
2, 7, 151
What are the prime factors of 415?
5, 83
List the prime factors of 776.
2, 97
What are the prime factors of 17791?
17791
What are the prime factors of 148198?
2, 74099
List the prime factors of 7329.
3, 7, 349
List the prime factors of 11363.
11, 1033
What are the prime factors of 986?
2, 17, 29
List the prime factors of 944.
2, 59
What are the prime factors of 1776?
2, 3, 37
List the prime factors of 3057.
3, 1019
List the prime factors of 8959.
17, 31
List the prime factors of 24733.
24733
What are the prime factors of 4474?
2, 2237
List the prime factors of 3235.
5, 647
What are the prime factors of 56093?
56093
List the prime factors of 7099.
31, 229
List the prime factors of 91.
7, 13
List the prime factors of 2538.
2, 3, 47
List the prime factors of 38856.
2, 3, 1619
List the prime factors of 108.
2, 3
List the prime factors of 4485.
3, 5, 13, 23
What are the prime factors of 1953?
3, 7, 31
What are the prime factors of 3354?
2, 3, 13, 43
What are the prime factors of 2370?
2, 3, 5, 79
List the prime factors of 22812.
2, 3, 1901
What are the prime factors of 33372?
2, 3, 103
What are the prime factors of 2888?
2, 19
What are the prime factors of 9402?
2, 3, 1567
What are the prime factors of 2480?
2, 5, 31
What are the prime factors of 15179?
43, 353
List the prime factors of 12048.
2, 3, 251
List the prime factors of 3641.
11, 331
What are the prime factors of 1114?
2, 557
List the prime factors of 2.
2
What are the prime factors of 9067?
9067
List the prime factors of 2038.
2, 1019
What are the prime factors of 1632?
2, 3, 17
What are the prime factors of 458?
2, 229
What are the prime factors of 503?
503
What are the prime factors of 2296?
2, 7, 41
What are the prime factors of 1919?
19, 101
List the prime factors of 72051.
3, 7, 47, 73
List the prime factors of 63602.
2, 7